{"id":125,"date":"2025-12-04T21:59:58","date_gmt":"2025-12-04T20:59:58","guid":{"rendered":"https:\/\/youthplanner.pl\/?page_id=125"},"modified":"2025-12-10T21:06:27","modified_gmt":"2025-12-10T20:06:27","slug":"o-aplikacji","status":"publish","type":"page","link":"https:\/\/youthplanner.pl\/?page_id=125","title":{"rendered":"O Aplikacji"},"content":{"rendered":"\t\t<div data-elementor-type=\"wp-page\" data-elementor-id=\"125\" class=\"elementor elementor-125\" data-elementor-post-type=\"page\">\n\t\t\t\t<div class=\"elementor-element elementor-element-36c3688a e-flex e-con-boxed e-con e-parent\" data-id=\"36c3688a\" data-element_type=\"container\" data-e-type=\"container\" data-settings=\"{&quot;background_background&quot;:&quot;gradient&quot;}\">\n\t\t\t\t\t<div class=\"e-con-inner\">\n\t\t<div class=\"elementor-element elementor-element-502f6ed8 e-con-full e-flex e-con e-child\" data-id=\"502f6ed8\" data-element_type=\"container\" data-e-type=\"container\">\n\t\t\t\t<div class=\"elementor-element elementor-element-440ae92c elementor-widget elementor-widget-elementskit-heading\" data-id=\"440ae92c\" data-element_type=\"widget\" data-e-type=\"widget\" data-widget_type=\"elementskit-heading.default\">\n\t\t\t\t\t<div class=\"ekit-wid-con\" ><div class=\"ekit-heading elementskit-section-title-wraper text_center   ekit_heading_tablet-   ekit_heading_mobile-text_center\"><h2 class=\"ekit-heading--title elementskit-section-title \">O aplikacji<\/h2>\t\t\t\t<div class='ekit-heading__description'>\n\t\t\t\t\t<p>Tw\u00f3j inteligentny asystent do ogarniania szko\u0142y i \u017cycia<\/p>\n\t\t\t\t<\/div>\n\t\t\t<\/div><\/div>\t\t\t\t<\/div>\n\t\t\t\t<\/div>\n\t\t\t\t\t<\/div>\n\t\t\t\t<\/div>\n\t\t<div class=\"elementor-element elementor-element-5897423f e-flex e-con-boxed e-con e-parent\" data-id=\"5897423f\" data-element_type=\"container\" data-e-type=\"container\" id=\"funkcje\">\n\t\t\t\t\t<div class=\"e-con-inner\">\n\t\t<div class=\"elementor-element elementor-element-22ca36 e-con-full e-flex e-con e-child\" data-id=\"22ca36\" data-element_type=\"container\" data-e-type=\"container\">\n\t\t\t\t<div class=\"elementor-element elementor-element-943fef3 elementor-widget elementor-widget-elementskit-heading\" data-id=\"943fef3\" data-element_type=\"widget\" data-e-type=\"widget\" data-widget_type=\"elementskit-heading.default\">\n\t\t\t\t\t<div class=\"ekit-wid-con\" ><div class=\"ekit-heading elementskit-section-title-wraper text_left   ekit_heading_tablet-   ekit_heading_mobile-\"><h1 class=\"elementskit-section-subtitle  \">\n\t\t\t\t\t\tO APLIKACJI\n\t\t\t\t\t<\/h1><h2 class=\"ekit-heading--title elementskit-section-title \">Co potrafi Youth Planner AI?<\/h2>\t\t\t\t<div class='ekit-heading__description'>\n\t\t\t\t\t<div class=\"x9f619 x1n2onr6 x1ja2u2z __fb-dark-mode\">\n<div class=\"x1i10hfl x1ejq31n x18oe1m7 x1sy0etr xstzfhl x972fbf x10w94by x1qhh985 x14e42zd x9f619 x1ypdohk xt0psk2 x3ct3a4 xdj266r x14z9mp xat24cr x1lziwak x16tdsg8 x1hl2dhg xggy1nq x1a2a7pz xkrqix3 x1sur9pj x1fey0fg x1s688f xacajkf xjwep3j x1t39747 x1wcsgtt x1pczhz8 x1nn3v0j xyri2b x1120s5i x1c1uobl\">YouthPlanner AI pomaga uporz\u0105dkowa\u0107 ka\u017cdy dzie\u0144 \u2013 od szkolnych zada\u0144 i nauki po czas wolny i odpoczynek. Dzi\u0119ki sztucznej inteligencji aplikacja potrafi analizowa\u0107 Tw\u00f3j plan dnia i zaproponowa\u0107 najlepszy spos\u00f3b na wykorzystanie czasu.<\/div>\n<div>\u00a0<\/div>\n<\/div>\n<p>Aplikacja oferuje m.in.:\u00a0<\/p>\n\t\t\t\t<\/div>\n\t\t\t<\/div><\/div>\t\t\t\t<\/div>\n\t\t\t\t<div class=\"elementor-element elementor-element-9ec6f1f elementor-icon-list--layout-traditional elementor-list-item-link-full_width elementor-widget elementor-widget-icon-list\" data-id=\"9ec6f1f\" data-element_type=\"widget\" data-e-type=\"widget\" data-widget_type=\"icon-list.default\">\n\t\t\t\t\t\t\t<ul class=\"elementor-icon-list-items\">\n\t\t\t\t\t\t\t<li class=\"elementor-icon-list-item\">\n\t\t\t\t\t\t\t\t\t\t\t<span class=\"elementor-icon-list-icon\">\n\t\t\t\t\t\t\t<svg aria-hidden=\"true\" class=\"e-font-icon-svg e-fas-check\" viewBox=\"0 0 512 512\" xmlns=\"http:\/\/www.w3.org\/2000\/svg\"><path d=\"M173.898 439.404l-166.4-166.4c-9.997-9.997-9.997-26.206 0-36.204l36.203-36.204c9.997-9.998 26.207-9.998 36.204 0L192 312.69 432.095 72.596c9.997-9.997 26.207-9.997 36.204 0l36.203 36.204c9.997 9.997 9.997 26.206 0 36.204l-294.4 294.401c-9.998 9.997-26.207 9.997-36.204-.001z\"><\/path><\/svg>\t\t\t\t\t\t<\/span>\n\t\t\t\t\t\t\t\t\t\t<span class=\"elementor-icon-list-text\">planowanie dnia i tygodnia z automatycznymi przypomnieniami<\/span>\n\t\t\t\t\t\t\t\t\t<\/li>\n\t\t\t\t\t\t\t\t<li class=\"elementor-icon-list-item\">\n\t\t\t\t\t\t\t\t\t\t\t<span class=\"elementor-icon-list-icon\">\n\t\t\t\t\t\t\t<i aria-hidden=\"true\" class=\"icon icon-check\"><\/i>\t\t\t\t\t\t<\/span>\n\t\t\t\t\t\t\t\t\t\t<span class=\"elementor-icon-list-text\">system cel\u00f3w i motywacji<\/span>\n\t\t\t\t\t\t\t\t\t<\/li>\n\t\t\t\t\t\t\t\t<li class=\"elementor-icon-list-item\">\n\t\t\t\t\t\t\t\t\t\t\t<span class=\"elementor-icon-list-icon\">\n\t\t\t\t\t\t\t<i aria-hidden=\"true\" class=\"icon icon-check\"><\/i>\t\t\t\t\t\t<\/span>\n\t\t\t\t\t\t\t\t\t\t<span class=\"elementor-icon-list-text\">analiz\u0119 post\u0119p\u00f3w<\/span>\n\t\t\t\t\t\t\t\t\t<\/li>\n\t\t\t\t\t\t\t\t<li class=\"elementor-icon-list-item\">\n\t\t\t\t\t\t\t\t\t\t\t<span class=\"elementor-icon-list-icon\">\n\t\t\t\t\t\t\t<svg aria-hidden=\"true\" class=\"e-font-icon-svg e-fas-check\" viewBox=\"0 0 512 512\" xmlns=\"http:\/\/www.w3.org\/2000\/svg\"><path d=\"M173.898 439.404l-166.4-166.4c-9.997-9.997-9.997-26.206 0-36.204l36.203-36.204c9.997-9.998 26.207-9.998 36.204 0L192 312.69 432.095 72.596c9.997-9.997 26.207-9.997 36.204 0l36.203 36.204c9.997 9.997 9.997 26.206 0 36.204l-294.4 294.401c-9.998 9.997-26.207 9.997-36.204-.001z\"><\/path><\/svg>\t\t\t\t\t\t<\/span>\n\t\t\t\t\t\t\t\t\t\t<span class=\"elementor-icon-list-text\">wsparcie w nauce i tworzeniu plan\u00f3w powt\u00f3rek<\/span>\n\t\t\t\t\t\t\t\t\t<\/li>\n\t\t\t\t\t\t\t\t<li class=\"elementor-icon-list-item\">\n\t\t\t\t\t\t\t\t\t\t\t<span class=\"elementor-icon-list-icon\">\n\t\t\t\t\t\t\t<svg aria-hidden=\"true\" class=\"e-font-icon-svg e-fas-check\" viewBox=\"0 0 512 512\" xmlns=\"http:\/\/www.w3.org\/2000\/svg\"><path d=\"M173.898 439.404l-166.4-166.4c-9.997-9.997-9.997-26.206 0-36.204l36.203-36.204c9.997-9.998 26.207-9.998 36.204 0L192 312.69 432.095 72.596c9.997-9.997 26.207-9.997 36.204 0l36.203 36.204c9.997 9.997 9.997 26.206 0 36.204l-294.4 294.401c-9.998 9.997-26.207 9.997-36.204-.001z\"><\/path><\/svg>\t\t\t\t\t\t<\/span>\n\t\t\t\t\t\t\t\t\t\t<span class=\"elementor-icon-list-text\">funkcj\u0119 r\u00f3wnowagi \u2013 pomaga znale\u017a\u0107 czas na relaks, sen i pasje<\/span>\n\t\t\t\t\t\t\t\t\t<\/li>\n\t\t\t\t\t\t<\/ul>\n\t\t\t\t\t\t<\/div>\n\t\t\t\t<div class=\"elementor-element elementor-element-d892ed8 elementor-widget elementor-widget-text-editor\" data-id=\"d892ed8\" data-element_type=\"widget\" data-e-type=\"widget\" data-widget_type=\"text-editor.default\">\n\t\t\t\t\t\t\t\t\t<p>To wszystko w jednym, przejrzystym i nowoczesnym miejscu, kt\u00f3re dopasowuje si\u0119 do u\u017cytkownika.<\/p>\t\t\t\t\t\t\t\t<\/div>\n\t\t\t\t<\/div>\n\t\t<div class=\"elementor-element elementor-element-22711323 e-con-full e-flex e-con e-child\" data-id=\"22711323\" data-element_type=\"container\" data-e-type=\"container\">\n\t\t\t\t<div class=\"elementor-element elementor-element-55cc05ce elementor-widget elementor-widget-image\" data-id=\"55cc05ce\" data-element_type=\"widget\" data-e-type=\"widget\" data-widget_type=\"image.default\">\n\t\t\t\t\t\t\t\t\t\t\t\t\t\t\t<img fetchpriority=\"high\" decoding=\"async\" width=\"1587\" height=\"2245\" src=\"https:\/\/youthplanner.pl\/wp-content\/uploads\/2025\/12\/Projekt-bez-nazwy-2.png\" class=\"attachment-full size-full wp-image-178\" alt=\"\" srcset=\"https:\/\/youthplanner.pl\/wp-content\/uploads\/2025\/12\/Projekt-bez-nazwy-2.png 1587w, https:\/\/youthplanner.pl\/wp-content\/uploads\/2025\/12\/Projekt-bez-nazwy-2-212x300.png 212w, https:\/\/youthplanner.pl\/wp-content\/uploads\/2025\/12\/Projekt-bez-nazwy-2-724x1024.png 724w, https:\/\/youthplanner.pl\/wp-content\/uploads\/2025\/12\/Projekt-bez-nazwy-2-768x1086.png 768w, https:\/\/youthplanner.pl\/wp-content\/uploads\/2025\/12\/Projekt-bez-nazwy-2-1086x1536.png 1086w, https:\/\/youthplanner.pl\/wp-content\/uploads\/2025\/12\/Projekt-bez-nazwy-2-1448x2048.png 1448w\" sizes=\"(max-width: 1587px) 100vw, 1587px\" \/>\t\t\t\t\t\t\t\t\t\t\t\t\t\t\t<\/div>\n\t\t\t\t<\/div>\n\t\t\t\t\t<\/div>\n\t\t\t\t<\/div>\n\t\t<div class=\"elementor-element elementor-element-61eac54 e-flex e-con-boxed e-con e-parent\" data-id=\"61eac54\" data-element_type=\"container\" data-e-type=\"container\" id=\"coto\">\n\t\t\t\t\t<div class=\"e-con-inner\">\n\t\t<div class=\"elementor-element elementor-element-d4c42e7 e-con-full e-flex e-con e-child\" data-id=\"d4c42e7\" data-element_type=\"container\" data-e-type=\"container\">\n\t\t\t\t<div class=\"elementor-element elementor-element-618c896 elementor-widget elementor-widget-image\" data-id=\"618c896\" data-element_type=\"widget\" data-e-type=\"widget\" data-widget_type=\"image.default\">\n\t\t\t\t\t\t\t\t\t\t\t\t\t\t\t<img decoding=\"async\" width=\"176\" height=\"176\" src=\"https:\/\/youthplanner.pl\/wp-content\/uploads\/2025\/12\/Frame-2.png\" class=\"attachment-full size-full wp-image-37\" alt=\"\" srcset=\"https:\/\/youthplanner.pl\/wp-content\/uploads\/2025\/12\/Frame-2.png 176w, https:\/\/youthplanner.pl\/wp-content\/uploads\/2025\/12\/Frame-2-150x150.png 150w, https:\/\/youthplanner.pl\/wp-content\/uploads\/2025\/12\/elementor\/thumbs\/Frame-2-rfo3j7b2e9wylzsqxsle67srba04ws44gy9cx3cs3g.png 70w, https:\/\/youthplanner.pl\/wp-content\/uploads\/2025\/12\/elementor\/thumbs\/Frame-2-rfo3j7b2c2z513e27uju2euu9esjz6yc6d13m0tx3e.png 65w, https:\/\/youthplanner.pl\/wp-content\/uploads\/2025\/12\/elementor\/thumbs\/Frame-2-rfo3j7b25i5oae6020f5r0133t5t6fgzalcbot9c38.png 50w, https:\/\/youthplanner.pl\/wp-content\/uploads\/2025\/12\/elementor\/thumbs\/Frame-2-rfo3j7b27p3hvakorygpusz05ode40mrl6kkzvs73a.png 55w\" sizes=\"(max-width: 176px) 100vw, 176px\" \/>\t\t\t\t\t\t\t\t\t\t\t\t\t\t\t<\/div>\n\t\t\t\t<\/div>\n\t\t<div class=\"elementor-element elementor-element-ac0e87a e-con-full e-flex e-con e-child\" data-id=\"ac0e87a\" data-element_type=\"container\" data-e-type=\"container\">\n\t\t\t\t<div class=\"elementor-element elementor-element-59455ce elementor-widget elementor-widget-elementskit-heading\" data-id=\"59455ce\" data-element_type=\"widget\" data-e-type=\"widget\" data-widget_type=\"elementskit-heading.default\">\n\t\t\t\t\t<div class=\"ekit-wid-con\" ><div class=\"ekit-heading elementskit-section-title-wraper text_left   ekit_heading_tablet-   ekit_heading_mobile-\"><h1 class=\"elementskit-section-subtitle  \">\n\t\t\t\t\t\tO APLIKACJI\n\t\t\t\t\t<\/h1><h2 class=\"ekit-heading--title elementskit-section-title \">Dlaczego powsta\u0142 ten projekt?<\/h2>\t\t\t\t<div class='ekit-heading__description'>\n\t\t\t\t\t<div class=\"x9f619 x1n2onr6 x1ja2u2z __fb-dark-mode\">\n<div class=\"x1i10hfl x1ejq31n x18oe1m7 x1sy0etr xstzfhl x972fbf x10w94by x1qhh985 x14e42zd x9f619 x1ypdohk xt0psk2 x3ct3a4 xdj266r x14z9mp xat24cr x1lziwak x16tdsg8 x1hl2dhg xggy1nq x1a2a7pz xkrqix3 x1sur9pj x1fey0fg x1s688f xacajkf xjwep3j x1t39747 x1wcsgtt x1pczhz8 x1nn3v0j xyri2b x1120s5i x1c1uobl\">Pomys\u0142 na YouthPlanner AI narodzi\u0142 si\u0119 z obserwacji problemu, kt\u00f3ry dotyczy wielu m\u0142odych ludzi \u2013 braku czasu i nadmiaru obowi\u0105zk\u00f3w. Celem aplikacji jest nie tylko pomoc w nauce, ale przede wszystkim nauka samodyscypliny, planowania i samo\u015bwiadomo\u015bci.\u2028Aplikacja zach\u0119ca, by traktowa\u0107 rozw\u00f3j jak przygod\u0119, a nie przykry obowi\u0105zek.<\/div>\n<\/div>\n\t\t\t\t<\/div>\n\t\t\t<\/div><\/div>\t\t\t\t<\/div>\n\t\t\t\t<\/div>\n\t\t\t\t\t<\/div>\n\t\t\t\t<\/div>\n\t\t<div class=\"elementor-element elementor-element-bb66a8b e-flex e-con-boxed e-con e-parent\" data-id=\"bb66a8b\" data-element_type=\"container\" data-e-type=\"container\">\n\t\t\t\t\t<div class=\"e-con-inner\">\n\t\t<div class=\"elementor-element elementor-element-afd3941 e-con-full e-flex e-con e-child\" data-id=\"afd3941\" data-element_type=\"container\" data-e-type=\"container\">\n\t\t\t\t<div class=\"elementor-element elementor-element-f60ecdc elementor-widget elementor-widget-elementskit-heading\" data-id=\"f60ecdc\" data-element_type=\"widget\" data-e-type=\"widget\" data-widget_type=\"elementskit-heading.default\">\n\t\t\t\t\t<div class=\"ekit-wid-con\" ><div class=\"ekit-heading elementskit-section-title-wraper text_left   ekit_heading_tablet-   ekit_heading_mobile-\"><h1 class=\"elementskit-section-subtitle  \">\n\t\t\t\t\t\tO APLIKACJI\n\t\t\t\t\t<\/h1><h2 class=\"ekit-heading--title elementskit-section-title \">Jak mo\u017ce pom\u00f3c m\u0142odzie\u017cy?<\/h2>\t\t\t\t<div class='ekit-heading__description'>\n\t\t\t\t\t<div class=\"x9f619 x1n2onr6 x1ja2u2z __fb-dark-mode\">\n<div class=\"x1i10hfl x1ejq31n x18oe1m7 x1sy0etr xstzfhl x972fbf x10w94by x1qhh985 x14e42zd x9f619 x1ypdohk xt0psk2 x3ct3a4 xdj266r x14z9mp xat24cr x1lziwak x16tdsg8 x1hl2dhg xggy1nq x1a2a7pz xkrqix3 x1sur9pj x1fey0fg x1s688f xacajkf xjwep3j x1t39747 x1wcsgtt x1pczhz8 x1nn3v0j xyri2b x1120s5i x1c1uobl\">\n<div class=\"x9f619 x1n2onr6 x1ja2u2z __fb-dark-mode\">\n<div class=\"x1i10hfl x1ejq31n x18oe1m7 x1sy0etr xstzfhl x972fbf x10w94by x1qhh985 x14e42zd x9f619 x1ypdohk xt0psk2 x3ct3a4 xdj266r x14z9mp xat24cr x1lziwak x16tdsg8 x1hl2dhg xggy1nq x1a2a7pz xkrqix3 x1sur9pj x1fey0fg x1s688f xacajkf xjwep3j x1t39747 x1wcsgtt x1pczhz8 x1nn3v0j xyri2b x1120s5i x1c1uobl\">YouthPlanner AI to co\u015b wi\u0119cej ni\u017c narz\u0119dzie \u2013 to spos\u00f3b na lepsze \u017cycie.<\/div>\n<div>\u00a0<\/div>\n<\/div>\n<p>Pomaga:<\/p>\n<\/div>\n<\/div>\n\t\t\t\t<\/div>\n\t\t\t<\/div><\/div>\t\t\t\t<\/div>\n\t\t\t\t<div class=\"elementor-element elementor-element-b95913c elementor-icon-list--layout-traditional elementor-list-item-link-full_width elementor-widget elementor-widget-icon-list\" data-id=\"b95913c\" data-element_type=\"widget\" data-e-type=\"widget\" data-widget_type=\"icon-list.default\">\n\t\t\t\t\t\t\t<ul class=\"elementor-icon-list-items\">\n\t\t\t\t\t\t\t<li class=\"elementor-icon-list-item\">\n\t\t\t\t\t\t\t\t\t\t\t<span class=\"elementor-icon-list-icon\">\n\t\t\t\t\t\t\t<svg aria-hidden=\"true\" class=\"e-font-icon-svg e-fas-check\" viewBox=\"0 0 512 512\" xmlns=\"http:\/\/www.w3.org\/2000\/svg\"><path d=\"M173.898 439.404l-166.4-166.4c-9.997-9.997-9.997-26.206 0-36.204l36.203-36.204c9.997-9.998 26.207-9.998 36.204 0L192 312.69 432.095 72.596c9.997-9.997 26.207-9.997 36.204 0l36.203 36.204c9.997 9.997 9.997 26.206 0 36.204l-294.4 294.401c-9.998 9.997-26.207 9.997-36.204-.001z\"><\/path><\/svg>\t\t\t\t\t\t<\/span>\n\t\t\t\t\t\t\t\t\t\t<span class=\"elementor-icon-list-text\">ograniczy\u0107 stres i chaos<\/span>\n\t\t\t\t\t\t\t\t\t<\/li>\n\t\t\t\t\t\t\t\t<li class=\"elementor-icon-list-item\">\n\t\t\t\t\t\t\t\t\t\t\t<span class=\"elementor-icon-list-icon\">\n\t\t\t\t\t\t\t<i aria-hidden=\"true\" class=\"icon icon-check\"><\/i>\t\t\t\t\t\t<\/span>\n\t\t\t\t\t\t\t\t\t\t<span class=\"elementor-icon-list-text\"> poprawi\u0107 wyniki w nauce<\/span>\n\t\t\t\t\t\t\t\t\t<\/li>\n\t\t\t\t\t\t\t\t<li class=\"elementor-icon-list-item\">\n\t\t\t\t\t\t\t\t\t\t\t<span class=\"elementor-icon-list-icon\">\n\t\t\t\t\t\t\t<i aria-hidden=\"true\" class=\"icon icon-check\"><\/i>\t\t\t\t\t\t<\/span>\n\t\t\t\t\t\t\t\t\t\t<span class=\"elementor-icon-list-text\"> zwi\u0119kszy\u0107 motywacj\u0119 i poczucie kontroli<\/span>\n\t\t\t\t\t\t\t\t\t<\/li>\n\t\t\t\t\t\t\t\t<li class=\"elementor-icon-list-item\">\n\t\t\t\t\t\t\t\t\t\t\t<span class=\"elementor-icon-list-icon\">\n\t\t\t\t\t\t\t<svg aria-hidden=\"true\" class=\"e-font-icon-svg e-fas-check\" viewBox=\"0 0 512 512\" xmlns=\"http:\/\/www.w3.org\/2000\/svg\"><path d=\"M173.898 439.404l-166.4-166.4c-9.997-9.997-9.997-26.206 0-36.204l36.203-36.204c9.997-9.998 26.207-9.998 36.204 0L192 312.69 432.095 72.596c9.997-9.997 26.207-9.997 36.204 0l36.203 36.204c9.997 9.997 9.997 26.206 0 36.204l-294.4 294.401c-9.998 9.997-26.207 9.997-36.204-.001z\"><\/path><\/svg>\t\t\t\t\t\t<\/span>\n\t\t\t\t\t\t\t\t\t\t<span class=\"elementor-icon-list-text\">mie\u0107 wi\u0119cej czasu na pasje i odpoczynek<\/span>\n\t\t\t\t\t\t\t\t\t<\/li>\n\t\t\t\t\t\t<\/ul>\n\t\t\t\t\t\t<\/div>\n\t\t\t\t<div class=\"elementor-element elementor-element-6211665 elementor-widget elementor-widget-text-editor\" data-id=\"6211665\" data-element_type=\"widget\" data-e-type=\"widget\" data-widget_type=\"text-editor.default\">\n\t\t\t\t\t\t\t\t\t<p>Dzi\u0119ki niej uczniowie i studenci ucz\u0105 si\u0119 odpowiedzialno\u015bci i skutecznego zarz\u0105dzania czasem, kt\u00f3re s\u0105 niezwykle potrzebnymi umiej\u0119tno\u015bciami w doros\u0142ym \u017cyciu.<\/p>\t\t\t\t\t\t\t\t<\/div>\n\t\t\t\t<\/div>\n\t\t<div class=\"elementor-element elementor-element-c0be043 e-con-full e-flex e-con e-child\" data-id=\"c0be043\" data-element_type=\"container\" data-e-type=\"container\">\n\t\t\t\t<div class=\"elementor-element elementor-element-db86b2f elementor-widget elementor-widget-image\" data-id=\"db86b2f\" data-element_type=\"widget\" data-e-type=\"widget\" data-widget_type=\"image.default\">\n\t\t\t\t\t\t\t\t\t\t\t\t\t\t\t<img decoding=\"async\" width=\"355\" height=\"703\" src=\"https:\/\/youthplanner.pl\/wp-content\/uploads\/2025\/12\/Gemini_Generated_Image_lf9vtzlf9vtzlf9v-removebg-preview.png\" class=\"attachment-full size-full wp-image-207\" alt=\"\" srcset=\"https:\/\/youthplanner.pl\/wp-content\/uploads\/2025\/12\/Gemini_Generated_Image_lf9vtzlf9vtzlf9v-removebg-preview.png 355w, https:\/\/youthplanner.pl\/wp-content\/uploads\/2025\/12\/Gemini_Generated_Image_lf9vtzlf9vtzlf9v-removebg-preview-151x300.png 151w\" sizes=\"(max-width: 355px) 100vw, 355px\" \/>\t\t\t\t\t\t\t\t\t\t\t\t\t\t\t<\/div>\n\t\t\t\t<\/div>\n\t\t\t\t\t<\/div>\n\t\t\t\t<\/div>\n\t\t<div class=\"elementor-element elementor-element-7586bedb e-con-full e-flex e-con e-parent\" data-id=\"7586bedb\" data-element_type=\"container\" data-e-type=\"container\" data-settings=\"{&quot;background_background&quot;:&quot;gradient&quot;}\">\n\t\t<div class=\"elementor-element elementor-element-da262e3 e-con-full e-flex e-con e-child\" data-id=\"da262e3\" data-element_type=\"container\" data-e-type=\"container\">\n\t\t\t\t<div class=\"elementor-element elementor-element-67ee02a5 elementor-view-default elementor-widget elementor-widget-icon\" data-id=\"67ee02a5\" data-element_type=\"widget\" data-e-type=\"widget\" data-widget_type=\"icon.default\">\n\t\t\t\t\t\t\t<div class=\"elementor-icon-wrapper\">\n\t\t\t<a class=\"elementor-icon\" href=\"https:\/\/www.instagram.com\/youthplannerai\/\">\n\t\t\t<svg aria-hidden=\"true\" class=\"e-font-icon-svg e-fab-instagram\" viewBox=\"0 0 448 512\" xmlns=\"http:\/\/www.w3.org\/2000\/svg\"><path d=\"M224.1 141c-63.6 0-114.9 51.3-114.9 114.9s51.3 114.9 114.9 114.9S339 319.5 339 255.9 287.7 141 224.1 141zm0 189.6c-41.1 0-74.7-33.5-74.7-74.7s33.5-74.7 74.7-74.7 74.7 33.5 74.7 74.7-33.6 74.7-74.7 74.7zm146.4-194.3c0 14.9-12 26.8-26.8 26.8-14.9 0-26.8-12-26.8-26.8s12-26.8 26.8-26.8 26.8 12 26.8 26.8zm76.1 27.2c-1.7-35.9-9.9-67.7-36.2-93.9-26.2-26.2-58-34.4-93.9-36.2-37-2.1-147.9-2.1-184.9 0-35.8 1.7-67.6 9.9-93.9 36.1s-34.4 58-36.2 93.9c-2.1 37-2.1 147.9 0 184.9 1.7 35.9 9.9 67.7 36.2 93.9s58 34.4 93.9 36.2c37 2.1 147.9 2.1 184.9 0 35.9-1.7 67.7-9.9 93.9-36.2 26.2-26.2 34.4-58 36.2-93.9 2.1-37 2.1-147.8 0-184.8zM398.8 388c-7.8 19.6-22.9 34.7-42.6 42.6-29.5 11.7-99.5 9-132.1 9s-102.7 2.6-132.1-9c-19.6-7.8-34.7-22.9-42.6-42.6-11.7-29.5-9-99.5-9-132.1s-2.6-102.7 9-132.1c7.8-19.6 22.9-34.7 42.6-42.6 29.5-11.7 99.5-9 132.1-9s102.7-2.6 132.1 9c19.6 7.8 34.7 22.9 42.6 42.6 11.7 29.5 9 99.5 9 132.1s2.7 102.7-9 132.1z\"><\/path><\/svg>\t\t\t<\/a>\n\t\t<\/div>\n\t\t\t\t\t\t<\/div>\n\t\t\t\t<div class=\"elementor-element elementor-element-25786c68 elementor-view-default elementor-widget elementor-widget-icon\" data-id=\"25786c68\" data-element_type=\"widget\" data-e-type=\"widget\" data-widget_type=\"icon.default\">\n\t\t\t\t\t\t\t<div class=\"elementor-icon-wrapper\">\n\t\t\t<a class=\"elementor-icon\" href=\"https:\/\/www.facebook.com\/profile.php?id=61582478037683&#038;locale=pl_PL\">\n\t\t\t<i aria-hidden=\"true\" class=\"icon icon-facebook-2\"><\/i>\t\t\t<\/a>\n\t\t<\/div>\n\t\t\t\t\t\t<\/div>\n\t\t\t\t<div class=\"elementor-element elementor-element-1b944178 elementor-widget elementor-widget-text-editor\" data-id=\"1b944178\" data-element_type=\"widget\" data-e-type=\"widget\" data-widget_type=\"text-editor.default\">\n\t\t\t\t\t\t\t\t\t<p>mail: youthplannerai@gmail.com<\/p>\t\t\t\t\t\t\t\t<\/div>\n\t\t\t\t<\/div>\n\t\t<div class=\"elementor-element elementor-element-7ac3622a e-con-full e-flex e-con e-child\" data-id=\"7ac3622a\" data-element_type=\"container\" data-e-type=\"container\">\n\t\t\t\t<div class=\"elementor-element elementor-element-75095522 elementor-widget elementor-widget-image\" data-id=\"75095522\" data-element_type=\"widget\" data-e-type=\"widget\" data-widget_type=\"image.default\">\n\t\t\t\t\t\t\t\t\t\t\t\t\t\t\t<img loading=\"lazy\" decoding=\"async\" width=\"176\" height=\"176\" src=\"https:\/\/youthplanner.pl\/wp-content\/uploads\/2025\/12\/Frame-2.png\" class=\"attachment-large size-large wp-image-37\" alt=\"\" srcset=\"https:\/\/youthplanner.pl\/wp-content\/uploads\/2025\/12\/Frame-2.png 176w, https:\/\/youthplanner.pl\/wp-content\/uploads\/2025\/12\/Frame-2-150x150.png 150w, https:\/\/youthplanner.pl\/wp-content\/uploads\/2025\/12\/elementor\/thumbs\/Frame-2-rfo3j7b2e9wylzsqxsle67srba04ws44gy9cx3cs3g.png 70w, https:\/\/youthplanner.pl\/wp-content\/uploads\/2025\/12\/elementor\/thumbs\/Frame-2-rfo3j7b2c2z513e27uju2euu9esjz6yc6d13m0tx3e.png 65w, https:\/\/youthplanner.pl\/wp-content\/uploads\/2025\/12\/elementor\/thumbs\/Frame-2-rfo3j7b25i5oae6020f5r0133t5t6fgzalcbot9c38.png 50w, https:\/\/youthplanner.pl\/wp-content\/uploads\/2025\/12\/elementor\/thumbs\/Frame-2-rfo3j7b27p3hvakorygpusz05ode40mrl6kkzvs73a.png 55w\" sizes=\"(max-width: 176px) 100vw, 176px\" \/>\t\t\t\t\t\t\t\t\t\t\t\t\t\t\t<\/div>\n\t\t\t\t<\/div>\n\t\t\t\t<\/div>\n\t\t\t\t<\/div>\n\t\t","protected":false},"excerpt":{"rendered":"<p>O aplikacji Tw\u00f3j inteligentny asystent do ogarniania szko\u0142y i \u017cycia O APLIKACJI Co potrafi Youth Planner AI? YouthPlanner AI pomaga uporz\u0105dkowa\u0107 ka\u017cdy dzie\u0144 \u2013 od szkolnych zada\u0144 i nauki po czas wolny i odpoczynek. Dzi\u0119ki sztucznej inteligencji aplikacja potrafi analizowa\u0107 Tw\u00f3j plan dnia i zaproponowa\u0107 najlepszy spos\u00f3b na wykorzystanie czasu. \u00a0 Aplikacja oferuje m.in.:\u00a0 planowanie [&hellip;]<\/p>\n","protected":false},"author":1,"featured_media":0,"parent":0,"menu_order":0,"comment_status":"closed","ping_status":"closed","template":"","meta":{"ocean_post_layout":"","ocean_both_sidebars_style":"","ocean_both_sidebars_content_width":0,"ocean_both_sidebars_sidebars_width":0,"ocean_sidebar":"0","ocean_second_sidebar":"0","ocean_disable_margins":"enable","ocean_add_body_class":"","ocean_shortcode_before_top_bar":"","ocean_shortcode_after_top_bar":"","ocean_shortcode_before_header":"","ocean_shortcode_after_header":"","ocean_has_shortcode":"","ocean_shortcode_after_title":"","ocean_shortcode_before_footer_widgets":"","ocean_shortcode_after_footer_widgets":"","ocean_shortcode_before_footer_bottom":"","ocean_shortcode_after_footer_bottom":"","ocean_display_top_bar":"default","ocean_display_header":"default","ocean_header_style":"","ocean_center_header_left_menu":"0","ocean_custom_header_template":"0","ocean_custom_logo":0,"ocean_custom_retina_logo":0,"ocean_custom_logo_max_width":0,"ocean_custom_logo_tablet_max_width":0,"ocean_custom_logo_mobile_max_width":0,"ocean_custom_logo_max_height":0,"ocean_custom_logo_tablet_max_height":0,"ocean_custom_logo_mobile_max_height":0,"ocean_header_custom_menu":"0","ocean_menu_typo_font_family":"0","ocean_menu_typo_font_subset":"","ocean_menu_typo_font_size":0,"ocean_menu_typo_font_size_tablet":0,"ocean_menu_typo_font_size_mobile":0,"ocean_menu_typo_font_size_unit":"px","ocean_menu_typo_font_weight":"","ocean_menu_typo_font_weight_tablet":"","ocean_menu_typo_font_weight_mobile":"","ocean_menu_typo_transform":"","ocean_menu_typo_transform_tablet":"","ocean_menu_typo_transform_mobile":"","ocean_menu_typo_line_height":0,"ocean_menu_typo_line_height_tablet":0,"ocean_menu_typo_line_height_mobile":0,"ocean_menu_typo_line_height_unit":"","ocean_menu_typo_spacing":0,"ocean_menu_typo_spacing_tablet":0,"ocean_menu_typo_spacing_mobile":0,"ocean_menu_typo_spacing_unit":"","ocean_menu_link_color":"","ocean_menu_link_color_hover":"","ocean_menu_link_color_active":"","ocean_menu_link_background":"","ocean_menu_link_hover_background":"","ocean_menu_link_active_background":"","ocean_menu_social_links_bg":"","ocean_menu_social_hover_links_bg":"","ocean_menu_social_links_color":"","ocean_menu_social_hover_links_color":"","ocean_disable_title":"on","ocean_disable_heading":"default","ocean_post_title":"","ocean_post_subheading":"","ocean_post_title_style":"","ocean_post_title_background_color":"","ocean_post_title_background":0,"ocean_post_title_bg_image_position":"","ocean_post_title_bg_image_attachment":"","ocean_post_title_bg_image_repeat":"","ocean_post_title_bg_image_size":"","ocean_post_title_height":0,"ocean_post_title_bg_overlay":0.5,"ocean_post_title_bg_overlay_color":"","ocean_disable_breadcrumbs":"default","ocean_breadcrumbs_color":"","ocean_breadcrumbs_separator_color":"","ocean_breadcrumbs_links_color":"","ocean_breadcrumbs_links_hover_color":"","ocean_display_footer_widgets":"default","ocean_display_footer_bottom":"default","ocean_custom_footer_template":"0","footnotes":""},"class_list":["post-125","page","type-page","status-publish","hentry","entry"],"_links":{"self":[{"href":"https:\/\/youthplanner.pl\/index.php?rest_route=\/wp\/v2\/pages\/125","targetHints":{"allow":["GET"]}}],"collection":[{"href":"https:\/\/youthplanner.pl\/index.php?rest_route=\/wp\/v2\/pages"}],"about":[{"href":"https:\/\/youthplanner.pl\/index.php?rest_route=\/wp\/v2\/types\/page"}],"author":[{"embeddable":true,"href":"https:\/\/youthplanner.pl\/index.php?rest_route=\/wp\/v2\/users\/1"}],"replies":[{"embeddable":true,"href":"https:\/\/youthplanner.pl\/index.php?rest_route=%2Fwp%2Fv2%2Fcomments&post=125"}],"version-history":[{"count":17,"href":"https:\/\/youthplanner.pl\/index.php?rest_route=\/wp\/v2\/pages\/125\/revisions"}],"predecessor-version":[{"id":303,"href":"https:\/\/youthplanner.pl\/index.php?rest_route=\/wp\/v2\/pages\/125\/revisions\/303"}],"wp:attachment":[{"href":"https:\/\/youthplanner.pl\/index.php?rest_route=%2Fwp%2Fv2%2Fmedia&parent=125"}],"curies":[{"name":"wp","href":"https:\/\/api.w.org\/{rel}","templated":true}]}}